{"id":20276,"date":"2025-08-28T23:31:57","date_gmt":"2025-08-29T04:31:57","guid":{"rendered":"https:\/\/inembucaramanga.edu.co\/portal\/?page_id=20276"},"modified":"2025-08-28T23:31:57","modified_gmt":"2025-08-29T04:31:57","slug":"8-informacion-especifica-para-grupos-de-interes","status":"publish","type":"page","link":"https:\/\/inembucaramanga.edu.co\/web\/8-informacion-especifica-para-grupos-de-interes\/","title":{"rendered":"8. Informaci\u00f3n espec\u00edfica para grupos de Inter\u00e9s"},"content":{"rendered":"\t\t<div data-elementor-type=\"wp-page\" data-elementor-id=\"20276\" class=\"elementor elementor-20276\" data-elementor-post-type=\"page\">\n\t\t\t\t<div class=\"elementor-element elementor-element-3d8ac01 e-grid e-con-boxed e-con e-parent\" data-id=\"3d8ac01\" data-element_type=\"container\" data-e-type=\"container\">\n\t\t\t\t\t<div class=\"e-con-inner\">\n\t\t<div class=\"elementor-element elementor-element-5b5b1ce e-con-full e-flex e-con e-child\" data-id=\"5b5b1ce\" data-element_type=\"container\" data-e-type=\"container\">\n\t\t\t\t<div class=\"elementor-element elementor-element-d80ae9e elementor-cta--skin-classic elementor-animated-content elementor-bg-transform elementor-bg-transform-zoom-in elementor-widget elementor-widget-call-to-action\" data-id=\"d80ae9e\" data-element_type=\"widget\" data-e-type=\"widget\" data-widget_type=\"call-to-action.default\">\n\t\t\t\t\t\t\t<div class=\"elementor-cta\">\n\t\t\t\t\t\t\t<div class=\"elementor-cta__content\">\n\t\t\t\t\n\t\t\t\t\t\t\t\t\t<h2 class=\"elementor-cta__title elementor-cta__content-item elementor-content-item\">\n\t\t\t\t\t\t8.1 Informaci\u00f3n para ni\u00f1os, ni\u00f1as y adolescentes\t\t\t\t\t<\/h2>\n\t\t\t\t\n\t\t\t\t\t\t\t\t\t<div class=\"elementor-cta__description elementor-cta__content-item elementor-content-item\">\n\t\t\t\t\t\tEn cumplimiento de la Ley 1712 de 2014 y de la normatividad que protege los derechos de los ni\u00f1os, ni\u00f1as y adolescentes, el Glorioso Colegio de Santander dispone informaci\u00f3n dirigida especialmente a este grupo poblacional. El objetivo es garantizar que accedan, de manera clara y sencilla, a contenidos que fortalezcan su derecho a la educaci\u00f3n, la participaci\u00f3n y la protecci\u00f3n integral.\t\t\t\t\t<\/div>\n\t\t\t\t\n\t\t\t\t\t\t\t\t\t<div class=\"elementor-cta__button-wrapper elementor-cta__content-item elementor-content-item \">\n\t\t\t\t\t<a class=\"elementor-cta__button elementor-button elementor-size-\" href=\"https:\/\/inembucaramanga.edu.co\/portal\/blog\/\">\n\t\t\t\t\t\tClick Aqu\u00ed\t\t\t\t\t<\/a>\n\t\t\t\t\t<\/div>\n\t\t\t\t\t\t\t<\/div>\n\t\t\t\t\t\t<\/div>\n\t\t\t\t\t\t<\/div>\n\t\t\t\t<\/div>\n\t\t<div class=\"elementor-element elementor-element-1dca2fd e-con-full e-flex e-con e-child\" data-id=\"1dca2fd\" data-element_type=\"container\" data-e-type=\"container\">\n\t\t\t\t<div class=\"elementor-element elementor-element-8c6e4c0 elementor-cta--skin-classic elementor-animated-content elementor-bg-transform elementor-bg-transform-zoom-in elementor-widget elementor-widget-call-to-action\" data-id=\"8c6e4c0\" data-element_type=\"widget\" data-e-type=\"widget\" data-widget_type=\"call-to-action.default\">\n\t\t\t\t\t\t\t<div class=\"elementor-cta\">\n\t\t\t\t\t\t\t<div class=\"elementor-cta__content\">\n\t\t\t\t\n\t\t\t\t\t\t\t\t\t<h2 class=\"elementor-cta__title elementor-cta__content-item elementor-content-item\">\n\t\t\t\t\t\t8.2 Informaci\u00f3n para padres de familia\t\t\t\t\t<\/h2>\n\t\t\t\t\n\t\t\t\t\t\t\t\t\t<div class=\"elementor-cta__description elementor-cta__content-item elementor-content-item\">\n\t\t\t\t\t\tCon el fin de fortalecer la relaci\u00f3n entre la instituci\u00f3n educativa y la comunidad, y en cumplimiento de la Ley 1712 de 2014, se pone a disposici\u00f3n de los padres de familia informaci\u00f3n relevante sobre el proceso educativo, normatividad escolar, programas de apoyo, mecanismos de participaci\u00f3n y espacios de comunicaci\u00f3n con la instituci\u00f3n. Este apartado busca garantizar la transparencia, el acceso a la informaci\u00f3n y la corresponsabilidad en la formaci\u00f3n de los estudiantes.\t\t\t\t\t<\/div>\n\t\t\t\t\n\t\t\t\t\t\t\t\t\t<div class=\"elementor-cta__button-wrapper elementor-cta__content-item elementor-content-item \">\n\t\t\t\t\t<a class=\"elementor-cta__button elementor-button elementor-size-\" href=\"https:\/\/www.redpapaz.org\/\">\n\t\t\t\t\t\tClick Aqu\u00ed\t\t\t\t\t<\/a>\n\t\t\t\t\t<\/div>\n\t\t\t\t\t\t\t<\/div>\n\t\t\t\t\t\t<\/div>\n\t\t\t\t\t\t<\/div>\n\t\t\t\t<\/div>\n\t\t\t\t\t<\/div>\n\t\t\t\t<\/div>\n\t\t\t\t<\/div>\n\t\t","protected":false},"excerpt":{"rendered":"<p>8.1 Informaci\u00f3n para ni\u00f1os, ni\u00f1as y adolescentes En cumplimiento de la Ley 1712 de 2014 y de la normatividad que protege los derechos de los ni\u00f1os, ni\u00f1as y adolescentes, el Glorioso Colegio de Santander dispone informaci\u00f3n dirigida especialmente a este grupo poblacional. El objetivo es garantizar que accedan, de manera clara y sencilla, a contenidos&#8230;<\/p>\n","protected":false},"author":1,"featured_media":0,"parent":0,"menu_order":0,"comment_status":"closed","ping_status":"closed","template":"","meta":{"footnotes":""},"class_list":["post-20276","page","type-page","status-publish","hentry"],"_links":{"self":[{"href":"https:\/\/inembucaramanga.edu.co\/web\/wp-json\/wp\/v2\/pages\/20276","targetHints":{"allow":["GET"]}}],"collection":[{"href":"https:\/\/inembucaramanga.edu.co\/web\/wp-json\/wp\/v2\/pages"}],"about":[{"href":"https:\/\/inembucaramanga.edu.co\/web\/wp-json\/wp\/v2\/types\/page"}],"author":[{"embeddable":true,"href":"https:\/\/inembucaramanga.edu.co\/web\/wp-json\/wp\/v2\/users\/1"}],"replies":[{"embeddable":true,"href":"https:\/\/inembucaramanga.edu.co\/web\/wp-json\/wp\/v2\/comments?post=20276"}],"version-history":[{"count":0,"href":"https:\/\/inembucaramanga.edu.co\/web\/wp-json\/wp\/v2\/pages\/20276\/revisions"}],"wp:attachment":[{"href":"https:\/\/inembucaramanga.edu.co\/web\/wp-json\/wp\/v2\/media?parent=20276"}],"curies":[{"name":"wp","href":"https:\/\/api.w.org\/{rel}","templated":true}]}}