
{"id":31,"date":"2024-07-14T08:47:56","date_gmt":"2024-07-14T08:47:56","guid":{"rendered":"https:\/\/wordpress.themeholy.com\/rakar\/?page_id=31"},"modified":"2025-11-03T15:50:21","modified_gmt":"2025-11-03T15:50:21","slug":"institucional","status":"publish","type":"page","link":"https:\/\/inembucaramanga.edu.co\/web\/institucional\/","title":{"rendered":"Institucional"},"content":{"rendered":"\t\t<div data-elementor-type=\"wp-page\" data-elementor-id=\"31\" class=\"elementor elementor-31\" data-elementor-post-type=\"page\">\n\t\t\t\t<div class=\"elementor-element elementor-element-00d41d8 e-flex e-con-boxed e-con e-parent\" data-id=\"00d41d8\" data-element_type=\"container\" data-e-type=\"container\" data-settings=\"{&quot;background_background&quot;:&quot;classic&quot;}\">\n\t\t\t\t\t<div class=\"e-con-inner\">\n\t\t<div class=\"elementor-element elementor-element-36ac6ff e-con-full e-flex e-con e-child\" data-id=\"36ac6ff\" data-element_type=\"container\" data-e-type=\"container\">\n\t\t\t\t<div class=\"elementor-element elementor-element-c4d613e elementor-widget elementor-widget-rakarsectiontitle\" data-id=\"c4d613e\" data-element_type=\"widget\" data-e-type=\"widget\" data-widget_type=\"rakarsectiontitle.default\">\n\t\t\t\t<div class=\"elementor-widget-container\">\n\t\t\t\t\t\t\t<div class=\"title-area  \">\r\n\t\t\t<span class=\"sub-title \"><span class=\"line\"><\/span><img decoding=\"async\" src=\"https:\/\/inembucaramanga.edu.co\/web\/wp-content\/uploads\/2025\/11\/colegio.png\" alt=\"colegio\"  \/>La Instituci\u00f3n Educativa<\/span><h2 class=\"sec-title \">Es una Instituci\u00f3n P\u00fablica<\/h2><p>En cumplimiento del Decreto 4807 de 2011 y la Pol\u00edtica de Gratuidad Educativa establecida por el Ministerio de Educaci\u00f3n Nacional, la Instituci\u00f3n Educativa INEM informa a la comunidad que la educaci\u00f3n en los niveles de Preescolar, B\u00e1sica y Media es totalmente gratuita.<\/p>\t\t<\/div>\r\n\r\n\t\t\t\t\t<\/div>\n\t\t\t\t<\/div>\n\t\t\t\t<div class=\"elementor-element elementor-element-13df23c elementor-widget elementor-widget-html\" data-id=\"13df23c\" data-element_type=\"widget\" data-e-type=\"widget\" data-widget_type=\"html.default\">\n\t\t\t\t\t<div class=\"checklist\">\r\n<ul>\r\n    <li>100% Gratuita<\/li>\r\n    <li>No se cobra matr\u00edcula<\/li>\r\n    <li>No se cobra pensi\u00f3n<\/li>\r\n<\/ul>\r\n<\/div>\t\t\t\t<\/div>\n\t\t\t\t<\/div>\n\t\t<div class=\"elementor-element elementor-element-c65aa33 e-con-full e-flex e-con e-child\" data-id=\"c65aa33\" data-element_type=\"container\" data-e-type=\"container\">\n\t\t\t\t<div class=\"elementor-element elementor-element-3e63e89 elementor-widget elementor-widget-rakarimage\" data-id=\"3e63e89\" data-element_type=\"widget\" data-e-type=\"widget\" data-widget_type=\"rakarimage.default\">\n\t\t\t\t<div class=\"elementor-widget-container\">\n\t\t\t\t\t<div class=\"rounded-img1\"><img decoding=\"async\" src=\"https:\/\/inembucaramanga.edu.co\/web\/wp-content\/uploads\/2025\/10\/chicos-2.png\" alt=\"chicos 2\"  \/><\/div>\t\t\t\t<\/div>\n\t\t\t\t<\/div>\n\t\t\t\t<\/div>\n\t\t<div class=\"elementor-element elementor-element-b680789 e-con-full e-flex e-con e-child\" data-id=\"b680789\" data-element_type=\"container\" data-e-type=\"container\">\n\t\t\t\t<div class=\"elementor-element elementor-element-5e5ca9a elementor-widget elementor-widget-rakarfeatures\" data-id=\"5e5ca9a\" data-element_type=\"widget\" data-e-type=\"widget\" data-widget_type=\"rakarfeatures.default\">\n\t\t\t\t<div class=\"elementor-widget-container\">\n\t\t\t\t\t<div class=\"contact-process-wrap no-bg\"><div class=\"contact-process\"><div class=\"box-number\">01<\/div><div class=\"media-body\"><h3 class=\"box-title\">El decreto 1962 del 20 de Noviembre de 1969<\/h3><p class=\"box-text\">Estableci\u00f3 la Ense\u00f1anza Media Diversificada en el pa\u00eds, como una etapa posterior a la educaci\u00f3n primaria a trav\u00e9s de la cual el alumno(a) pudiera desarrollarse integralmente y prepararse no s\u00f3lo para ingresar a la Universidad sino para desempe\u00f1arse eficazmente en su comunidad.<\/p><\/div><\/div><div class=\"contact-process\"><div class=\"box-number\">02<\/div><div class=\"media-body\"><h3 class=\"box-title\">En 1970, a\u00f1o Internacional de la Educaci\u00f3n<\/h3><p class=\"box-text\">El gobierno dio al servicio los diez primeros Institutos en esta modalidad de educaci\u00f3n entre los cuales se encontraba el INEM \u201cCustodio Garc\u00eda Rovira\u201d de Bucaramanga.<\/p><\/div><\/div><div class=\"contact-process\"><div class=\"box-number\">03<\/div><div class=\"media-body\"><h3 class=\"box-title\">En 2025 Inem cumple 55 a\u00f1os<\/h3><p class=\"box-text\">Durante m\u00e1s de cinco d\u00e9cadas hemos formado generaciones de ciudadanos \u00edntegros, con valores, conocimientos y sue\u00f1os que construyen un mejor pa\u00eds.\nHoy, celebramos 55 a\u00f1os de ense\u00f1anza, progreso y servicio a la comunidad, reafirmando nuestra misi\u00f3n de ofrecer una educaci\u00f3n p\u00fablica gratuita, inclusiva y de excelencia.<\/p><\/div><\/div><\/div>\t\t\t\t<\/div>\n\t\t\t\t<\/div>\n\t\t\t\t<\/div>\n\t\t\t\t\t<\/div>\n\t\t\t\t<\/div>\n\t\t<div class=\"elementor-element elementor-element-f0eab85 bg-white e-flex e-con-boxed e-con e-parent\" data-id=\"f0eab85\" data-element_type=\"container\" data-e-type=\"container\" data-settings=\"{&quot;background_background&quot;:&quot;classic&quot;}\">\n\t\t\t\t\t<div class=\"e-con-inner\">\n\t\t\t\t<div class=\"elementor-element elementor-element-a4f86da elementor-widget elementor-widget-rakarshapeimage\" data-id=\"a4f86da\" data-element_type=\"widget\" data-e-type=\"widget\" data-widget_type=\"rakarshapeimage.default\">\n\t\t\t\t<div class=\"elementor-widget-container\">\n\t\t\t\t\t<!-- Image --><div class=\"shape-mockup spin \" data-bottom=\"1px\" data-left=\"1px\"><img decoding=\"async\" class=\"\" src=\"https:\/\/inembucaramanga.edu.co\/web\/wp-content\/uploads\/2025\/10\/ONDA.png\" alt=\"Shape Image\" ><\/div><!-- End Image -->\t\t\t\t<\/div>\n\t\t\t\t<\/div>\n\t\t\t\t<div class=\"elementor-element elementor-element-602a946 elementor-widget__width-initial elementor-widget elementor-widget-rakarsectiontitle\" data-id=\"602a946\" data-element_type=\"widget\" data-e-type=\"widget\" data-widget_type=\"rakarsectiontitle.default\">\n\t\t\t\t<div class=\"elementor-widget-container\">\n\t\t\t\t\t\t\t<div class=\"title-area text-center \">\r\n\t\t\t<span class=\"sub-title \"><img decoding=\"async\" src=\"https:\/\/inembucaramanga.edu.co\/web\/wp-content\/plugins\/rakar-core\/assets\/img\/title_icon.svg\" alt=\"Shape\">Nuestra oferta educativa<\/span><h2 class=\"sec-title \">La Instituci\u00f3n Educativa INEM \u201cCustodio Garc\u00eda Rovira\u201d<\/h2><p>Ofrece una formaci\u00f3n integral desde preescolar hasta la media t\u00e9cnica, fortaleciendo las competencias acad\u00e9micas, cient\u00edficas y humanas de nuestros estudiantes. Contamos con especialidades t\u00e9cnicas que preparan a los j\u00f3venes para la educaci\u00f3n superior y el mundo laboral.<\/p>\t\t<\/div>\r\n\r\n\t\t\t\t\t<\/div>\n\t\t\t\t<\/div>\n\t\t\t\t<div class=\"elementor-element elementor-element-10eb73a elementor-widget elementor-widget-rakarservice\" data-id=\"10eb73a\" data-element_type=\"widget\" data-e-type=\"widget\" data-widget_type=\"rakarservice.default\">\n\t\t\t\t<div class=\"elementor-widget-container\">\n\t\t\t\t\t<div class=\"slider-area\"><div class=\"swiper th-slider has-shadow\" id=\"serviceSlider1\" data-slider-options='{\"loop\":false,\"slidesPerGroup\":\"2\",\"breakpoints\":{\"0\":{\"slidesPerView\":1},\"576\":{\"slidesPerView\":\"1\"},\"768\":{\"slidesPerView\":\"2\"},\"992\":{\"slidesPerView\":\"2\"},\"1200\":{\"slidesPerView\":\"3\"},\"1300\":{\"slidesPerView\":\"4\"}}}'><div class=\"swiper-wrapper\"><div class=\"swiper-slide\"><div class=\"service-card\"><div class=\"box-number\">01<\/div><div class=\"box-icon\"><img decoding=\"async\" src=\"https:\/\/inembucaramanga.edu.co\/web\/wp-content\/uploads\/2025\/11\/colegio.png\" alt=\"colegio\"  \/><\/div><p class=\"box-subtitle\">Sede A<\/p><h3 class=\"box-title\"><a href=\"https:\/\/inembucaramanga.edu.co\/web\/sede_a\">Principal<\/a><\/h3><p class=\"box-text\">Acoge a los estudiantes de educaci\u00f3n b\u00e1sica secundaria y media t\u00e9cnica, desde el grado 6\u00b0 hasta 11\u00b0. En esta sede se promueve el pensamiento cr\u00edtico, la investigaci\u00f3n y el desarrollo de habilidades profesionales a trav\u00e9s de las diferentes especialidades t\u00e9cnicas que ofrece el INEM.<\/p><a href=\"https:\/\/inembucaramanga.edu.co\/web\/sede_a\" class=\"th-btn btn-sm th_btn\">Ver sede<i class=\"far fa-arrow-right ms-2\"><\/i><\/a><\/div><\/div><div class=\"swiper-slide\"><div class=\"service-card\"><div class=\"box-number\">02<\/div><div class=\"box-icon\"><img decoding=\"async\" src=\"https:\/\/inembucaramanga.edu.co\/web\/wp-content\/uploads\/2025\/11\/colegio.png\" alt=\"colegio\"  \/><\/div><p class=\"box-subtitle\">SEDE B<\/p><h3 class=\"box-title\"><a href=\"https:\/\/inembucaramanga.edu.co\/web\/sede_b\">El Rocio<\/a><\/h3><p class=\"box-text\">Acoge a los estudiantes de educaci\u00f3n preescolar y b\u00e1sica primaria, desde Transici\u00f3n hasta Quinto, brindando acompa\u00f1amiento acad\u00e9mico y emocional en un ambiente de respeto, aprendizaje y trabajo colaborativo. Su doble jornada permite atender a m\u00e1s familias con calidad y compromiso.<\/p><a href=\"https:\/\/inembucaramanga.edu.co\/web\/sede_b\" class=\"th-btn btn-sm th_btn\">Ver sede<i class=\"far fa-arrow-right ms-2\"><\/i><\/a><\/div><\/div><div class=\"swiper-slide\"><div class=\"service-card\"><div class=\"box-number\">03<\/div><div class=\"box-icon\"><img decoding=\"async\" src=\"https:\/\/inembucaramanga.edu.co\/web\/wp-content\/uploads\/2025\/11\/colegio.png\" alt=\"colegio\"  \/><\/div><p class=\"box-subtitle\">sede C<\/p><h3 class=\"box-title\"><a href=\"https:\/\/inembucaramanga.edu.co\/web\/sede_c\">Yira Castro<\/a><\/h3><p class=\"box-text\">Ofrece formaci\u00f3n desde el grado Transici\u00f3n hasta Quinto de primaria, atendiendo a los estudiantes en doble jornada. Se caracteriza por brindar un ambiente de aprendizaje inclusivo, fomentando los valores, la creatividad y el desarrollo integral de los ni\u00f1os en sus primeros a\u00f1os de formaci\u00f3n.<\/p><a href=\"https:\/\/inembucaramanga.edu.co\/web\/sede_c\" class=\"th-btn btn-sm th_btn\">Ver sede<i class=\"far fa-arrow-right ms-2\"><\/i><\/a><\/div><\/div><div class=\"swiper-slide\"><div class=\"service-card\"><div class=\"box-number\">04<\/div><div class=\"box-icon\"><img decoding=\"async\" src=\"https:\/\/inembucaramanga.edu.co\/web\/wp-content\/uploads\/2025\/11\/colegio.png\" alt=\"colegio\"  \/><\/div><p class=\"box-subtitle\">sede D<\/p><h3 class=\"box-title\"><a href=\"https:\/\/inembucaramanga.edu.co\/web\/sede_d\">Dangond<\/a><\/h3><p class=\"box-text\">Ofrece formaci\u00f3n desde el grado Transici\u00f3n hasta Quinto de primaria, atendiendo a los estudiantes en doble jornada. Se caracteriza por brindar un ambiente de aprendizaje inclusivo, fomentando los valores, la creatividad y el desarrollo integral de los ni\u00f1os en sus primeros a\u00f1os de formaci\u00f3n.<\/p><a href=\"https:\/\/inembucaramanga.edu.co\/web\/sede_d\" class=\"th-btn btn-sm th_btn\">Ver sede<i class=\"far fa-arrow-right ms-2\"><\/i><\/a><\/div><\/div><div class=\"swiper-slide\"><div class=\"service-card\"><div class=\"box-number\">05<\/div><div class=\"box-icon\"><img decoding=\"async\" src=\"https:\/\/inembucaramanga.edu.co\/web\/wp-content\/uploads\/2025\/11\/colegio.png\" alt=\"colegio\"  \/><\/div><p class=\"box-subtitle\">sede E<\/p><h3 class=\"box-title\"><a href=\"https:\/\/inembucaramanga.edu.co\/web\/sede_e\">Divino salvador<\/a><\/h3><p class=\"box-text\">atiende a los estudiantes desde Jard\u00edn, Transici\u00f3n y los grados de Educaci\u00f3n Primaria, ofreciendo espacios de aprendizaje que promueven el desarrollo integral y los valores institucionales.\nAdem\u00e1s, cuenta con los programas Aceleraci\u00f3n del Aprendizaje y Horizontes con Br\u00fajula, orientados a brindar oportunidades educativas flexibles que fortalecen los procesos acad\u00e9micos y personales de los estudiantes.<\/p><a href=\"https:\/\/inembucaramanga.edu.co\/web\/sede_e\" class=\"th-btn btn-sm th_btn\">Ver sede<i class=\"far fa-arrow-right ms-2\"><\/i><\/a><\/div><\/div><div class=\"swiper-slide\"><div class=\"service-card\"><div class=\"box-number\">06<\/div><div class=\"box-icon\"><img decoding=\"async\" src=\"https:\/\/inembucaramanga.edu.co\/web\/wp-content\/uploads\/2025\/11\/colegio.png\" alt=\"colegio\"  \/><\/div><p class=\"box-subtitle\">sede F<\/p><h3 class=\"box-title\"><a href=\"https:\/\/inembucaramanga.edu.co\/web\/sede_f\">Carlos Toledo Plata<\/a><\/h3><p class=\"box-text\">Ofrece formaci\u00f3n desde el grado Transici\u00f3n hasta Quinto de primaria, atendiendo a los estudiantes en doble jornada. Se caracteriza por brindar un ambiente de aprendizaje inclusivo, fomentando los valores, la creatividad y el desarrollo integral de los ni\u00f1os en sus primeros a\u00f1os de formaci\u00f3n.<\/p><a href=\"https:\/\/inembucaramanga.edu.co\/web\/sede_f\" class=\"th-btn btn-sm th_btn\">Ver sede<i class=\"far fa-arrow-right ms-2\"><\/i><\/a><\/div><\/div><div class=\"swiper-slide\"><div class=\"service-card\"><div class=\"box-number\">07<\/div><div class=\"box-icon\"><img decoding=\"async\" src=\"https:\/\/inembucaramanga.edu.co\/web\/wp-content\/uploads\/2025\/11\/colegio.png\" alt=\"colegio\"  \/><\/div><p class=\"box-subtitle\">sede G<\/p><h3 class=\"box-title\"><a href=\"https:\/\/inembucaramanga.edu.co\/web\/sede_g\">San Mart\u00edn<\/a><\/h3><p class=\"box-text\">Ofrece formaci\u00f3n desde el grado Transici\u00f3n hasta Quinto de primaria, en jornada ma\u00f1ana. Su labor educativa se enfoca en fortalecer los valores, las competencias b\u00e1sicas y el desarrollo integral de los ni\u00f1os, promoviendo ambientes de aprendizaje participativos y alegres.<\/p><a href=\"https:\/\/inembucaramanga.edu.co\/web\/sede_g\" class=\"th-btn btn-sm th_btn\">Ver sede<i class=\"far fa-arrow-right ms-2\"><\/i><\/a><\/div><\/div><div class=\"swiper-slide\"><div class=\"service-card\"><div class=\"box-number\">08<\/div><div class=\"box-icon\"><img decoding=\"async\" src=\"https:\/\/inembucaramanga.edu.co\/web\/wp-content\/uploads\/2025\/11\/colegio.png\" alt=\"colegio\"  \/><\/div><p class=\"box-subtitle\">sede H<\/p><h3 class=\"box-title\"><a href=\"https:\/\/inembucaramanga.edu.co\/web\/sede_h\">San pablo<\/a><\/h3><p class=\"box-text\">Ubicada en el sector del barrio Bucaramanga, ofrece formaci\u00f3n desde el grado Transici\u00f3n hasta Quinto de primaria, en jornada ma\u00f1ana. Se distingue por su ambiente educativo acogedor, donde se fortalecen los valores, la convivencia y las competencias b\u00e1sicas que preparan a los estudiantes para continuar su proceso acad\u00e9mico con \u00e9xito.<\/p><a href=\"https:\/\/inembucaramanga.edu.co\/web\/sede_h\" class=\"th-btn btn-sm th_btn\">Ver sede<i class=\"far fa-arrow-right ms-2\"><\/i><\/a><\/div><\/div><\/div><div class=\"slider-pagination\"><\/div><\/div><\/div>\t\t\t\t<\/div>\n\t\t\t\t<\/div>\n\t\t\t\t\t<\/div>\n\t\t\t\t<\/div>\n\t\t<div class=\"elementor-element elementor-element-2bbb69d e-flex e-con-boxed e-con e-parent\" data-id=\"2bbb69d\" data-element_type=\"container\" data-e-type=\"container\" data-settings=\"{&quot;background_background&quot;:&quot;classic&quot;}\">\n\t\t\t\t\t<div class=\"e-con-inner\">\n\t\t<div class=\"elementor-element elementor-element-338fec6 e-con-full e-flex e-con e-child\" data-id=\"338fec6\" data-element_type=\"container\" data-e-type=\"container\">\n\t\t\t\t<div class=\"elementor-element elementor-element-a3e7d26 elementor-widget elementor-widget-rakarsectiontitle\" data-id=\"a3e7d26\" data-element_type=\"widget\" data-e-type=\"widget\" data-widget_type=\"rakarsectiontitle.default\">\n\t\t\t\t<div class=\"elementor-widget-container\">\n\t\t\t\t\t\t\t<div class=\"title-area  \">\r\n\t\t\t<span class=\"sub-title \"><img decoding=\"async\" src=\"https:\/\/inembucaramanga.edu.co\/web\/wp-content\/plugins\/rakar-core\/assets\/img\/title_icon.svg\" alt=\"Shape\">El Origen de nuestro nombre<\/span><h2 class=\"sec-title \">Custodio Garc\u00eda Rovira<\/h2><p>Custodio Garc\u00eda Rovira, Fil\u00f3sofo, poeta, m\u00fasico, abogado, militar y Presidente de la Rep\u00fablica, naci\u00f3 en Bucaramanga, el 2 de Marzo de 1780, en el hogar formado por Don Juan de Dios Garc\u00eda y Do\u00f1a Rosa Rovira. Su t\u00edtulo de Bachiller en \u201cFilosof\u00eda y Letras\u201d lo recibi\u00f3 del c\u00e9lebre Colegio San Bartolom\u00e9 de Santa Fe de Bogot\u00e1, en cuyos claustros descoll\u00f3 por su claro talento y aventajado esp\u00edritu. A los 29 a\u00f1os de edad, el 29 de Abril de 1809, se gradu\u00f3 de abogado y ejerci\u00f3 el cargo de profesor de matem\u00e1ticas y filosof\u00eda en el Colegio San Bartolom\u00e9, centro estudiantil de su predilecci\u00f3n y donde aprendi\u00f3 a forjar sus ideales de patriota. Atra\u00eddo por una divisa de patria lo encontramos en Suat\u00e1 en 1812, al frente de cincuenta soldados, m\u00e1s all\u00e1 de s\u00ed mismo abriendo un surco para ofrecer cosecha. El 23 de septiembre de 1814 hace parte del triunvirato Nacional y en tal calidad ejerce el cargo de presidente de la Rep\u00fablica, recientemente nacida, hasta el 28 de marzo de 1815. El 21 y 22 de Febrero de 1816 se compromete con el Coronel Santander, en la batalla decisiva de Cachir\u00ed. Su voz de orden clarinada de combate queda estampada en el hist\u00f3rico: \u201cFirmes\u2026 Cachir\u00ed\u201d. Las fuerzas del rey espa\u00f1ol salen triunfadoras de nuevo en esta ocasi\u00f3n y el joven militar rom\u00e1ntico empedernido hace un alto a las armas y contrae matrimonio con Do\u00f1a Josefa Piedrahita. El 10 de julio de 1816, abandona su idilio y se suma de nuevo a la insurgencia; esta vez, con las legiones socorranas para librar batalla en el sitio de la Plata, donde cae atrapado por el veterano soldado real Miguel Toldr\u00e1. El 8 de Agosto de aquel terrible a\u00f1o de 1816, Custodio Garc\u00eda Rovira entra en la inmortalidad como v\u00edctima y m\u00e1rtir de la patria colombiana, a manos de Morillo. En el parque de su nombre, en la Capital Santandereana, hay una estatua de 13.203 kg de bronce fundido, erigida al h\u00e9roe y m\u00e1rtir como gratitud nacional. El 29 de Enero de 1907 en medio de pompones y festejos patri\u00f3ticos, Monse\u00f1or Francisco Ragonesi, Arzobispo de Mira y Delegado Apost\u00f3lico de S.S. en Colombia, visita a Bucaramanga y bendice el monumento que remata con la estatua del General CUSTODIO GARCIA ROVIRA.<\/p>\t\t<\/div>\r\n\r\n\t\t\t\t\t<\/div>\n\t\t\t\t<\/div>\n\t\t\t\t<\/div>\n\t\t\t\t\t<\/div>\n\t\t\t\t<\/div>\n\t\t<div class=\"elementor-element elementor-element-823d3c9 e-flex e-con-boxed e-con e-parent\" data-id=\"823d3c9\" data-element_type=\"container\" data-e-type=\"container\" data-settings=\"{&quot;background_background&quot;:&quot;classic&quot;}\">\n\t\t\t\t\t<div class=\"e-con-inner\">\n\t\t<div class=\"elementor-element elementor-element-cb3681b e-con-full e-flex e-con e-child\" data-id=\"cb3681b\" data-element_type=\"container\" data-e-type=\"container\">\n\t\t<div class=\"elementor-element elementor-element-dbfdeb2 e-con-full e-flex e-con e-child\" data-id=\"dbfdeb2\" data-element_type=\"container\" data-e-type=\"container\">\n\t\t\t\t<div class=\"elementor-element elementor-element-a7622f6 elementor-widget elementor-widget-rakarvideo\" data-id=\"a7622f6\" data-element_type=\"widget\" data-e-type=\"widget\" data-widget_type=\"rakarvideo.default\">\n\t\t\t\t<div class=\"elementor-widget-container\">\n\t\t\t\t\t<div class=\"img-box2\"><div class=\"img1\"><img decoding=\"async\" src=\"https:\/\/inembucaramanga.edu.co\/web\/wp-content\/uploads\/2025\/11\/rector.jpg\" alt=\"rector\"  \/><\/div><a href=\"https:\/\/www.youtube.com\/watch?v=Mc8aXCOnj7s\" class=\"play-btn popup-video\"><i class=\"fa-sharp fa-solid fa-play\"><\/i><\/a><\/div>\t\t\t\t<\/div>\n\t\t\t\t<\/div>\n\t\t\t\t<\/div>\n\t\t<div class=\"elementor-element elementor-element-82420bf e-con-full e-flex e-con e-child\" data-id=\"82420bf\" data-element_type=\"container\" data-e-type=\"container\">\n\t\t\t\t<div class=\"elementor-element elementor-element-f8c143b elementor-widget elementor-widget-rakarsectiontitle\" data-id=\"f8c143b\" data-element_type=\"widget\" data-e-type=\"widget\" data-widget_type=\"rakarsectiontitle.default\">\n\t\t\t\t<div class=\"elementor-widget-container\">\n\t\t\t\t\t\t\t<div class=\"title-area text-left \">\r\n\t\t\t<span class=\"sub-title \"><img decoding=\"async\" src=\"https:\/\/inembucaramanga.edu.co\/web\/wp-content\/plugins\/rakar-core\/assets\/img\/title_icon.svg\" alt=\"Shape\">Nuestro rector<\/span><h2 class=\"sec-title \">Dr. Fabio Santos Hern\u00e1ndez<\/h2><p>La gesti\u00f3n del rector Santos Hern\u00e1ndez ha estado marcada por la lucha constante para atender el deterioro hist\u00f3rico de la planta f\u00edsica del INEM, una instituci\u00f3n con m\u00e1s de 50 a\u00f1os de antig\u00fcedad.<br><b>Emergencias por Lluvias (Julio de 2025):<\/b> Su rol como vocero principal fue notorio durante las emergencias causadas por las fuertes lluvias en Bucaramanga. Medios como Caracol Radio y Blu Radio recogieron sus declaraciones, donde describi\u00f3 una situaci\u00f3n cr\u00edtica: <br><b>Inundaciones severas:<\/b> Aulas, patios, canchas y \u00e1reas administrativas de la sede principal y las sedes H (San Pablo) y E (Divino Salvador) resultaron completamente inundadas.\n<br><b>Colapso de muros:<\/b> Se report\u00f3 la ca\u00edda de un muro que colinda con un conjunto residencial, y alert\u00f3 sobre el riesgo de colapso de otras estructuras debido a la humedad.\n\n<br><b>Riesgo de deslizamiento:<\/b>Manifest\u00f3 una gran preocupaci\u00f3n por un barranco contiguo a la sede H que comenz\u00f3 a ceder, poniendo en riesgo la estructura escolar.\n\n<br><b>Redes hidr\u00e1ulicas obsoletas:<\/b> En sus declaraciones, enfatiz\u00f3 que el sistema hidr\u00e1ulico de la instituci\u00f3n tiene m\u00e1s de 55 a\u00f1os y no ha recibido el mantenimiento o la actualizaci\u00f3n necesarios, siendo la causa principal de las inundaciones.\n\n<br><b>Gesti\u00f3n ante la Alcald\u00eda:<\/b> El rector ha sido la cara visible de la exigencia a la administraci\u00f3n municipal para que se ejecuten las obras de repotenciaci\u00f3n prometidas. Ha se\u00f1alado p\u00fablicamente el \"abandono por parte del Estado\" y la necesidad urgente de intervenci\u00f3n.\n\nInicio de Obras (2025): Como resultado de estas gestiones y de un empr\u00e9stito solicitado por la Alcald\u00eda de Bucaramanga, se anunci\u00f3 el inicio de obras de mejoramiento en el INEM durante el primer semestre de 2025. Los proyectos, seg\u00fan comunicados de la Alcald\u00eda, incluyen:\n\nAdecuaci\u00f3n estructural y pintura del bloque amarillo.\n\nMejoras en cubiertas, iluminaci\u00f3n, ventaner\u00eda y pisos.\n\nRenovaci\u00f3n de bater\u00edas sanitarias.\n\nIntervenci\u00f3n en \u00e1reas deportivas y zonas exteriores.\n\nAdministraci\u00f3n y Vida Escolar\nAdem\u00e1s de la gesti\u00f3n de la crisis de infraestructura, Fabio Santos Hern\u00e1ndez figura en los procesos administrativos y acad\u00e9micos rutinarios de la instituci\u00f3n:\n\n<br><b>Representante Legal:<\/b> Es quien firma los documentos oficiales de la instituci\u00f3n, como los contratos de prestaci\u00f3n de servicios educativos para el a\u00f1o lectivo y las circulares informativas para padres y estudiantes sobre eventos como las ceremonias de graduaci\u00f3n.\n\n<br><b>Nombramiento Oficial:<\/b> Su nombramiento como rector en propiedad fue formalizado a trav\u00e9s de una resoluci\u00f3n de la Secretar\u00eda de Educaci\u00f3n de Bucaramanga a principios de 2025.\n\nVida Estudiantil: Participa activamente en eventos escolares, como se evidencia en las bienvenidas a los nuevos estudiantes, marcando el inicio del a\u00f1o escolar.\n\n<br>El Dr. Fabio Santos Hern\u00e1ndez es un l\u00edder educativo que enfrenta el enorme reto de mantener en funcionamiento una de las instituciones m\u00e1s grandes y emblem\u00e1ticas de Bucaramanga, mientras presiona y gestiona activamente la soluci\u00f3n a un problema cr\u00edtico y de larga data como es el deterioro de su infraestructura. Su labor ha sido fundamental para visibilizar la emergencia y articular la respuesta con las autoridades locales.<\/p>\t\t<\/div>\r\n\r\n\t\t\t\t\t<\/div>\n\t\t\t\t<\/div>\n\t\t\t\t<\/div>\n\t\t\t\t<\/div>\n\t\t\t\t\t<\/div>\n\t\t\t\t<\/div>\n\t\t\t\t<\/div>\n\t\t","protected":false},"excerpt":{"rendered":"<p>La Instituci\u00f3n Educativa Es una Instituci\u00f3n P\u00fablica En cumplimiento del Decreto 4807 de 2011 y la Pol\u00edtica de Gratuidad Educativa establecida por el Ministerio de Educaci\u00f3n Nacional, la Instituci\u00f3n Educativa INEM informa a la comunidad que la educaci\u00f3n en los niveles de Preescolar, B\u00e1sica y Media es totalmente gratuita. 100% Gratuita No se cobra matr\u00edcula&#8230;<\/p>\n","protected":false},"author":1,"featured_media":0,"parent":0,"menu_order":0,"comment_status":"closed","ping_status":"closed","template":"template-builder.php","meta":{"footnotes":""},"class_list":["post-31","page","type-page","status-publish","hentry"],"_links":{"self":[{"href":"https:\/\/inembucaramanga.edu.co\/web\/wp-json\/wp\/v2\/pages\/31","targetHints":{"allow":["GET"]}}],"collection":[{"href":"https:\/\/inembucaramanga.edu.co\/web\/wp-json\/wp\/v2\/pages"}],"about":[{"href":"https:\/\/inembucaramanga.edu.co\/web\/wp-json\/wp\/v2\/types\/page"}],"author":[{"embeddable":true,"href":"https:\/\/inembucaramanga.edu.co\/web\/wp-json\/wp\/v2\/users\/1"}],"replies":[{"embeddable":true,"href":"https:\/\/inembucaramanga.edu.co\/web\/wp-json\/wp\/v2\/comments?post=31"}],"version-history":[{"count":94,"href":"https:\/\/inembucaramanga.edu.co\/web\/wp-json\/wp\/v2\/pages\/31\/revisions"}],"predecessor-version":[{"id":19550,"href":"https:\/\/inembucaramanga.edu.co\/web\/wp-json\/wp\/v2\/pages\/31\/revisions\/19550"}],"wp:attachment":[{"href":"https:\/\/inembucaramanga.edu.co\/web\/wp-json\/wp\/v2\/media?parent=31"}],"curies":[{"name":"wp","href":"https:\/\/api.w.org\/{rel}","templated":true}]}}